4*f + 150 = -0*p - 2*p. Suppose -f = -5*j + 2*z - 6*z, -j + 1 = 3*z. What is the tens digit of j?
1
Let n be 26 - -2*(-1 - -2). Let d = -8 + n. What is the tens digit of d?
2
Let x(q) = -q**2 + q + 44. What is the tens digit of x(0)?
4
Suppose 0 = -2*p - 10, p + 7 - 2 = v. Suppose -4*u + 4 = v, 5*r - 78 = 4*u - 2*u. What is the tens digit of r?
1
Let j(v) = -13*v - 53. What is the units digit of j(-10)?
7
What is the tens digit of (66 - -1) + 18/(-9)?
6
Let s be (-2)/(-3)*(1 - -5). Suppose 2*m + 27 = 197. Suppose -t = -k - 4*k + m, 2*t = -s*k + 54. What is the units digit of k?
6
Suppose -z = -2*z - 14. What is the units digit of 2/(-2)*42/z?
3
Let r = 2 + -1. Suppose -4*b - r = -17, 2*t = b - 8. Let h = t - -4. What is the units digit of h?
2
Let n be (-9)/5 + (-2)/10. Let j = -3 - -5. What is the units digit of -16*((-3)/n - j)?
8
What is the units digit of (6*2)/(6 + -4)?
6
Suppose g + 12 = -4*q, g + g = -5*q - 12. Suppose g*k + k = 5. What is the units digit of (4*k)/(2 - 1)?
4
Suppose 8*l + 442 = 10*l. What is the hundreds digit of l?
2
Suppose a = 5*a + 100. Let z = 43 + a. What is the tens digit of z?
1
Let u(d) = d**2 + d - 18. What is the units digit of u(-8)?
8
Let w = -41 + 60. Let p = w - 3. What is the tens digit of p?
1
Suppose 213 = 2*y + 27. What is the tens digit of y?
9
Suppose 24 = 5*t - 31. Let f = t - 6. What is the units digit of f?
5
Let m(f) = -f**2 + 6*f + 8. Let i = 2 + 3. Suppose 3*r + k = 3*k + 16, -r + k = -i. What is the units digit of m(r)?
8
Suppose -3*r + 0*r - 2*s = -232, r - 92 = 3*s. Suppose -3*z + r = 2*z. Let l = z + -11. What is the units digit of l?
5
Let g = -1 + 5. Suppose 5*k + 9 = -g*b + 134, 2*b + 11 = k. What is the units digit of k?
1
Let n = 2 + -2. Suppose -2*v = -n*v - 32. Let s = v + -9. What is the units digit of s?
7
Let r(a) = 4*a + 1. Suppose -n = 2*s - 4 - 3, -4*n + 6 = -3*s. Suppose 4 - s = l. What is the units digit of r(l)?
9
Suppose -2*n - 2*p = -20, n - 2*p - 22 = -4*n. Suppose n*k = 4*k + 24. What is the units digit of k?
2
Let h = 422 + -298. What is the hundreds digit of h?
1
Let b be ((-4)/(-3))/(2/(-45)). Let n = -18 - b. What is the units digit of n?
2
Let x(q) = 299*q + 2. What is the units digit of x(1)?
1
Let t be (-8)/20 + 6/15. Suppose -2*n + 21 - 121 = -5*y, 2*y - 2*n - 34 = t. What is the tens digit of y?
2
Let z = 2 - 12. Let r = z - -9. What is the tens digit of r/1*(-36)/3?
1
Let q be (0 + 2)/(3 - 2). Suppose -1 + q = b. What is the units digit of b?
1
Let y(z) = 0*z**2 + 0*z - 2*z**2 - z. Let a be y(1). What is the units digit of 2/(a/(-9) - 0)?
6
Let p = 47 - 29. Suppose 0 = 5*n + 8 - p. What is the units digit of (-6)/(-8) + n/8?
1
What is the tens digit of ((-8)/(-24))/(1/69)?
2
Suppose 0 = -0*n + 3*n - 54. Suppose -5*v = -7 - 8. Suppose -6*d = -3*d + 5*k - 8, v*k - n = -4*d. What is the units digit of d?
6
Suppose -6*h + h + 2*n = -955, -3*h + n + 572 = 0. What is the units digit of h?
9
Let m = -51 - -70. What is the units digit of m?
9
Let r be -9*(4 + -2 + -3). Suppose 4*j - 21 = -r. What is the units digit of j?
3
Let d(m) = -m**2 - m + 1. Let k(j) = 7*j**2 + 2*j - 4. Let w(u) = 4*d(u) + k(u). What is the tens digit of w(-2)?
1
Suppose 5*u - 6 = 2*u - 3*d, -4*d = -3*u + 34. What is the units digit of u?
6
Suppose -8*l - 55 = -13*l. What is the tens digit of l?
1
Let o = 37 - 56. Let h = -10 - o. What is the units digit of h?
9
Let l = 44 - 26. Let q be (-4)/l + (-166)/(-18). Suppose 3*k = 2*k + q. What is the units digit of k?
9
Suppose 3*i + 12 = f, 0*i = 4*f - 4*i - 64. What is the units digit of f?
8
Let d be (-1)/1*(-20)/(-2). Let j be (-32)/d - (-6)/(-30). Suppose -2*g = -5 - j. What is the units digit of g?
4
Let h = 64 - 46. What is the units digit of h/(-4)*16/(-6)?
2
Suppose 3*d - 2 = 2*d. Let p(i) = 0 + d*i - 6 + 3 + 2. What is the units digit of p(5)?
9
Suppose 4*q = -2*l - 50 + 306, l + 4*q - 124 = 0. What is the units digit of l?
2
Suppose -2*b - 23 = -117. What is the units digit of b?
7
Let v(i) = 16*i - 8. What is the units digit of v(3)?
0
Let h(y) = -y**3 - 21*y**2 + 14*y - 14. What is the units digit of h(-22)?
2
Suppose -10 + 2 = -2*s. Let x = -3 - -3. Let u = s + x. What is the units digit of u?
4
Let s(b) = -2*b - 7. What is the units digit of s(-12)?
7
What is the units digit of 696/(0 + 3) + -4?
8
Suppose 2*f - 39 = -2*p + 3*f, -2*f = 3*p - 41. Let o = p + 4. Let c = o + -11. What is the units digit of c?
0
Suppose -4*w = -153 + 29. Let m = 47 - w. What is the units digit of m?
6
What is the units digit of ((-3)/2)/(7/(-252))?
4
Let r(p) = 22*p**3 + p**2 - 1. Let m be r(1). Suppose -4*d + 6*d - m = 0. What is the units digit of d?
1
Suppose -2*f = 3*f - 4*r - 173, 3*r + 171 = 5*f. Let g = 47 - f. Suppose 3*h + 4*u = 8*u + 35, 2*u - g = -2*h. What is the units digit of h?
9
Let u = 81 - 7. What is the tens digit of u?
7
Suppose -42 = -h + 5*i, -2*h + 4*h = 4*i + 60. Let s = h + -11. What is the tens digit of s?
1
Suppose t = -s + 64, -3*s - 66 = -t - 6*s. What is the units digit of t?
3
Let i(a) = -10*a + 17. What is the tens digit of i(-6)?
7
Let h = -14 + 25. Suppose 35 + h = 2*g. What is the units digit of g?
3
Let t = 0 - 9. Let p(l) = l**3 + 10*l**2 + 9*l + 6. What is the units digit of p(t)?
6
Suppose -3*p + 2*m = -0*m - 57, -3*p + 48 = -5*m. What is the tens digit of p?
2
Suppose -3*t + 703 - 188 = 2*k, -2*t + 345 = 3*k. What is the tens digit of t?
7
Let d(k) = 7*k + 2. Let w be d(-2). Let r be 40*3*(-4)/(-24). Let j = w + r. What is the units digit of j?
8
Suppose 3 - 21 = -3*z. What is the units digit of z?
6
Let w(u) = -3*u**3 - 7*u**2 - 3*u + 2. What is the units digit of w(-4)?
4
Suppose 45 = 2*a + 3*a. Suppose 0 = m - 14 - a. What is the tens digit of m?
2
Let m(y) = y. Let v(w) = w - 13. Let o(j) = 2*m(j) - v(j). What is the tens digit of o(7)?
2
Suppose 3*y - 2*y - 30 = 0. What is the units digit of y?
0
Suppose 10*a - 5 = 9*a. Suppose -2*s - 2*t = 2*t - 8, -4*s = 3*t - 6. What is the units digit of s/a - (-9 - 0)?
9
Let i(l) = l**2 + l - 2. Let c be i(2). Suppose 0 = -v + 2 + c. What is the units digit of v?
6
What is the tens digit of (24/(-4) - -1)*-45 - -4?
2
Let o = 105 - 0. What is the tens digit of o?
0
Suppose -5*o - 48 = -18. Let i = -7 - o. Let d(x) = -17*x**3 + 2*x**2 + 2*x + 1. What is the units digit of d(i)?
8
Let f(d) = -4*d + 1. Let g be f(-1). Let n be 1/g - 33/15. What is the units digit of 10 + 1 + -4 + n?
5
Let z = -41 + 61. Suppose -3*l = -z + 8. Let q = l - -6. What is the tens digit of q?
1
Let t(u) be the first derivative of -u**2 - u - 1. Let o be t(-2). Suppose z + d = -0*d + 18, 0 = -2*z - o*d + 36. What is the tens digit of z?
1
Suppose -4*x + 15 = -x. Suppose 124 = -3*i + 7*i - a, -4*i + x*a = -108. What is the units digit of i?
2
Let p = -10 - -12. Let f = p + 3. Suppose 4*b + 13 = f*u + 84, 2*b + 3*u - 41 = 0. What is the tens digit of b?
1
Suppose r - 3 = 1. Suppose -14 = -2*s - r*v, 17 = 2*s + 5*v + 1. What is the units digit of s?
3
Let a(g) = g**2 - 6*g + 5. Let v(o) = -6*o + 5. Let h(s) = 3*a(s) - 4*v(s). Let y be h(-5). Let l = y - 28. What is the units digit of l?
2
Let r = -34 + 47. Suppose 3*x = -r + 109. Suppose -2*p + 4*p = -2*n + x, 30 = 2*p + 4*n. What is the tens digit of p?
1
Suppose 49 = -5*d + 5*u + 169, 0 = -d + 5*u + 40. Suppose -6*s = -2*s + d. What is the units digit of (s + 6)*(1 + 6)?
7
Suppose -18 = -0*c - 3*c. Let w = 24 - c. What is the units digit of w?
8
Suppose -2*i + 13 = 3. Let c(k) = 7*k + 6. What is the units digit of c(i)?
1
Let r be -1*-1*(-12 - -2). Let k = r - -14. Suppose a - 1 = k. What is the units digit of a?
5
Let h(a) = 4*a**3 + 3*a**2 + a. Let q be h(-1). Let v(j) = j**2 + 9*j + 7. Let u be v(-6). Let r = q - u. What is the units digit of r?
9
What is the tens digit of 3/6*2*27?
2
Let c(b) = 4*b**2 + 0*b**2 + b - 3*b**2 - b**3. What is the units digit of c(-1)?
1
Let n(t) = -4*t**2 + t**2 - 2 + t**2 + 5*t. Let x be n(3). Let b(h) = -h**2 - 7*h - 5. What is the units digit of b(x)?
5
Let x = 65 + 112. What is the units digit of x?
7
Let m(q) = -24*q**3 + q**2 + q + 1. What is the tens digit of m(-1)?
2
Let u(i) = i + 20. What is the tens digit of u(-5)?
1
Let w(u) = -u**2 - 7*u - 5. Let p be w(-7). Let j = p + 19. What is the units digit of j?